s divided by 17?
13
What is the remainder when 159 is divided by 15?
9
What is the remainder when 240 is divided by 28?
16
What is the remainder when 259 is divided by 127?
5
What is the remainder when 101 is divided by 13?
10
What is the remainder when 812 is divided by 205?
197
What is the remainder when 91 is divided by 46?
45
What is the remainder when 411 is divided by 59?
57
What is the remainder when 365 is divided by 95?
80
Calculate the remainder when 66 is divided by 11.
0
Calculate the remainder when 358 is divided by 17.
1
What is the remainder when 9 is divided by 7?
2
What is the remainder when 1522 is divided by 66?
4
Calculate the remainder when 2429 is divided by 485.
4
What is the remainder when 537 is divided by 109?
101
Calculate the remainder when 168 is divided by 58.
52
What is the remainder when 30 is divided by 12?
6
Calculate the remainder when 36775 is divided by 142.
139
Calculate the remainder when 164 is divided by 21.
17
Calculate the remainder when 112 is divided by 37.
1
Calculate the remainder when 30575 is divided by 139.
134
Calculate the remainder when 18 is divided by 17.
1
Calculate the remainder when 345 is divided by 29.
26
What is the remainder when 279 is divided by 89?
12
Calculate the remainder when 1384 is divided by 14.
12
What is the remainder when 258 is divided by 76?
30
Calculate the remainder when 134 is divided by 28.
22
Calculate the remainder when 29837 is divided by 20.
17
Calculate the remainder when 67 is divided by 44.
23
Calculate the remainder when 1484 is divided by 27.
26
What is the remainder when 257 is divided by 81?
14
What is the remainder when 476 is divided by 32?
28
Calculate the remainder when 991 is divided by 21.
4
Calculate the remainder when 304 is divided by 77.
73
What is the remainder when 2078 is divided by 7?
6
What is the remainder when 396 is divided by 104?
84
Calculate the remainder when 2428 is divided by 2424.
4
Calculate the remainder when 340 is divided by 19.
17
What is the remainder when 81 is divided by 41?
40
Calculate the remainder when 38 is divided by 23.
15
What is the remainder when 1617 is divided by 525?
42
Calculate the remainder when 99 is divided by 29.
12
What is the remainder when 28 is divided by 4?
0
What is the remainder when 1083 is divided by 35?
33
Calculate the remainder when 505 is divided by 15.
10
What is the remainder when 753 is divided by 108?
105
Calculate the remainder when 2873 is divided by 411.
407
Calculate the remainder when 1013 is divided by 491.
31
What is the remainder when 33512 is divided by 26?
24
What is the remainder when 3333 is divided by 138?
21
What is the remainder when 37 is divided by 14?
9
Calculate the remainder when 36 is divided by 15.
6
What is the remainder when 247 is divided by 43?
32
Calculate the remainder when 449 is divided by 30.
29
Calculate the remainder when 784 is divided by 204.
172
Calculate the remainder when 237 is divided by 82.
73
What is the remainder when 176 is divided by 62?
52
What is the remainder when 1874 is divided by 13?
2
Calculate the remainder when 921 is divided by 25.
21
What is the remainder when 138 is divided by 13?
8
What is the remainder when 405 is divided by 194?
17
What is the remainder when 236 is divided by 14?
12
Calculate the remainder when 320 is divided by 23.
21
What is the remainder when 213 is divided by 54?
51
Calculate the remainder when 278 is divided by 80.
38
What is the remainder when 1239 is divided by 23?
20
Calculate the remainder when 166 is divided by 14.
12
What is the remainder when 490 is divided by 146?
52
What is the remainder when 3276 is divided by 327?
6
Calculate the remainder when 127 is divided by 60.
7
Calculate the remainder when 139 is divided by 48.
43
Calculate the remainder when 452 is divided by 8.
4
Calculate the remainder when 518 is divided by 56.
14
Calculate the remainder when 7 is divided by 3.
1
Calculate the remainder when 82 is divided by 30.
22
Calculate the remainder when 228 is divided by 123.
105
What is the remainder when 499 is divided by 63?
58
What is the remainder when 648 is divided by 216?
0
What is the remainder when 1072 is divided by 37?
36
What is the remainder when 4555 is divided by 68?
67
What is the remainder when 1177 is divided by 20?
17
What is the remainder when 1517 is divided by 49?
47
Calculate the remainder when 213 is divided by 115.
98
Calculate the remainder when 1659 is divided by 57.
6
What is the remainder when 203 is divided by 174?
29
What is the remainder when 692 is divided by 33?
32
Calculate the remainder when 818 is divided by 83.
71
Calculate the remainder when 145 is divided by 78.
67
Calculate the remainder when 819 is divided by 10.
9
What is the remainder when 128 is divided by 45?
38
Calculate the remainder when 973 is divided by 65.
63
What is the remainder when 17637 is divided by 63?
60
Calculate the remainder when 152 is divided by 18.
8
What is the remainder when 119 is divided by 110?
9
Calculate the remainder when 207 is divided by 7.
4
Calculate the remainder when 39 is divided by 15.
9
Calculate the remainder when 93 is divided by 53.
40
Calculate the remainder when 246 is divided by 246.
0
Calculate the remainder when 45 is divided by 23.
22
Calculate the remainder when 47 is divided by 17.
13
What is the remainder when 3405 is divided by 16?
13
Calculate the remainder when 206 is divided by 94.
18
Calculate the remainder when 59 is divided by 27.
5
Calculate the remainder when 869 is divided by 110.
99
What is the remainder when 30175 is divided by 63?
61
Calculate the remainder when 9935 is divided by 3309.
8
What is the remainder when 2518 is divided by 38?
10
Calculate the remainder when 18 is divided by 4.
2
What is the remainder when 349 is divided by 48?
13
Calculate the remainder when 1387 is divided by 461.
4
What is the remainder when 41 is divided by 13?
2
Calculate the remainder when 710 is divided by 102.
98
Calculate the remainder when 529 is divided by 38.
35
What is the remainder when 368 is divided by 28?
4
Calculate the remainder when 218 is divided by 10.
8
What is the remainder when 2460 is divided by 88?
84
What is the remainder when 69 is divided by 10?
9
What is the remainder when 136 is divided by 34?
0
What is the remainder when 1866 is divided by 84?
18
What is the remainder when 3229 is divided by 1610?
9
Calculate the remainder when 1470 is divided by 485.
15
Calculate the remainder when 144 is divided by 29.
28
Calculate the remainder when 4553 is divided by 189.
17
Calculate the remainder when 8135 is divided by 339.
338
What is the remainder when 178 is divided by 60?
58
Calculate the remainder when 180 is divided by 24.
12
Calculate the remainder when 111 is divided by 33.
12
What is the remainder when 62 is divided by 57?
5
Calculate the remainder when 6 is divided by 1.
0
Calculate the remainder when 539 is divided by 174.
17
What is the remainder when 2966 is divided by 213?
197
What is the remainder when 53 is divided by 11?
9
What is the remainder when 91773 is divided by 64?
61
What is the remainder when 105 is divided by 36?
33
What is the remainder when 14 is divided by 5?
4
Calculate the remainder when 66 is divided by 15.
6
Calculate the remainder when 19 is divided by 4.
3
What is the remainder when 456 is divided by 131?
63
Calculate the remainder when 1455 is divided by 14.
13
Calculate the remainder when 86 is divided by 32.
22
What is the remainder when 66 is divided by 3?
0
Calculate the remainder when 139 is divided by 11.
7
Calculate the remainder when 2124 is divided by 212.
4
What is the remainder when 32 is divided by 18?
14
What is the remainder when 1141 is divided by 10?
1
Calculate the remainder when 790 is divided by 22.
20
What is the remainder when 1008 is divided by 22?
18
Calculate the remainder when 392 is divided by 196.
0
Calculate the remainder when 165 is divided by 101.
64
Calculate the remainder when 9787 is divided by 55.
52
Calculate the remainder when 3820 is divided by 44.
36
What is the remainder when 3746 is divided by 44?
6
What is the remainder when 1661 is divided by 357?
233
What is the remainder when 150 is divided by 47?
9
Calculate the remainder when 61 is divided by 35.
26